{"id":103,"date":"2018-12-26T11:58:46","date_gmt":"2018-12-26T11:58:46","guid":{"rendered":"http:\/\/mkv-neu.mkv-muehlheim.de\/?page_id=103"},"modified":"2021-04-16T05:38:19","modified_gmt":"2021-04-16T05:38:19","slug":"flyingstarz","status":"publish","type":"page","link":"https:\/\/mkv-muehlheim.de\/?page_id=103","title":{"rendered":"FlyingStarz"},"content":{"rendered":"<div dir=\"auto\">Im Mai 2016 haben sich insgesamt 11 tanzbegeisterte Frauen und M\u00e4nner zusammengeschlossen und gr\u00fcndeten die Tanzgruppe \u201eFlying Starz\u201c. Schnell war ein Tanzthema gefunden. Nun brauchte die junge Tanzgruppe eine M\u00f6glichkeit zum Trainieren und suchte nur noch eine geeignete Lokalit\u00e4t. Nach l\u00e4ngerer Suche ist die Gruppe auf den M\u00fchlheimer Karneval Verein aufmerksam geworden. Der Vereinsvorstand war sofort begeistert von der Idee, eine weitere Tanzgruppe in Verein willkommen zu hei\u00dfen und bat der jungen Gruppe eine Mitgliedschaft an. F\u00fcr die Flying Starz eine tolle M\u00f6glichkeit, welcher sofort zugestimmt wurde. Seitdem sind die Flying Starz ein fester Bestandteil des MKV&#8217;s.<\/div>\n<div dir=\"auto\">Das Motto f\u00fcr jede Kampagne suchen die T\u00e4nzerinnen und T\u00e4nzer gemeinsam mit der Trainerin Sabrina Fonzetti aus. Auch das B\u00fchnenbild sowie die Kost\u00fcme entscheiden und gestaltet die Gruppe gemeinsam.<\/div>\n<div dir=\"auto\"><\/div>\n<div dir=\"auto\">Das w\u00f6chentliche Training findet donnerstags von 19:00 bis 21:00 Uhr im Vereinsheim des MKV statt. Neben dem eigentlichen Training, d.h. dem Erlernen der Schritte, wird vorher ein intensives Aufw\u00e4rm- und Dehnprogramm durchgef\u00fchrt. Dadurch soll die Verletzungsgefahr minimiert und die Beweglichkeit erh\u00f6ht werden. Interessenten sind immer willkommen!<\/div>\n<div dir=\"auto\"><\/div>\n<div dir=\"auto\">Wer noch mehr Einblicke \u00fcber die Flying Starz erhalten m\u00f6chte, kann gerne auf unserer Facebook sowie Instagram Seite vorbeischauen.<\/div>\n<div dir=\"auto\"><\/div>\n<div dir=\"auto\"><a href=\"https:\/\/instagram.com\/showtanzgruppe_flying_starz?igshid=usxqj8a05pbo\" target=\"_blank\" rel=\"noopener\" data-saferedirecturl=\"https:\/\/www.google.com\/url?q=https:\/\/instagram.com\/showtanzgruppe_flying_starz?igshid%3Dusxqj8a05pbo&amp;source=gmail&amp;ust=1618637376969000&amp;usg=AFQjCNHK-eEevm7qqaqiBZDa5kVTeFBlVw\">https:\/\/instagram.com\/<wbr \/>showtanzgruppe_flying_starz?<wbr \/>igshid=usxqj8a05pbo<\/a><\/div>\n<p>&nbsp;<\/p>\n<p><img loading=\"lazy\" decoding=\"async\" class=\"alignnone wp-image-1009\" src=\"http:\/\/mkv-neu.mkv-muehlheim.de\/wp-content\/uploads\/2021\/04\/IMG-20200119-WA0012-300x225.jpg\" alt=\"\" width=\"800\" height=\"600\" srcset=\"https:\/\/mkv-muehlheim.de\/wp-content\/uploads\/2021\/04\/IMG-20200119-WA0012-300x225.jpg 300w, https:\/\/mkv-muehlheim.de\/wp-content\/uploads\/2021\/04\/IMG-20200119-WA0012-768x576.jpg 768w, https:\/\/mkv-muehlheim.de\/wp-content\/uploads\/2021\/04\/IMG-20200119-WA0012.jpg 1024w\" sizes=\"auto, (max-width: 767px) 89vw, (max-width: 1000px) 54vw, (max-width: 1071px) 543px, 580px\" \/><\/p>\n<p><img loading=\"lazy\" decoding=\"async\" class=\"alignnone wp-image-1010\" src=\"http:\/\/mkv-neu.mkv-muehlheim.de\/wp-content\/uploads\/2021\/04\/IMG-20200127-WA0028-300x202.jpg\" alt=\"\" width=\"800\" height=\"538\" srcset=\"https:\/\/mkv-muehlheim.de\/wp-content\/uploads\/2021\/04\/IMG-20200127-WA0028-300x202.jpg 300w, https:\/\/mkv-muehlheim.de\/wp-content\/uploads\/2021\/04\/IMG-20200127-WA0028-768x516.jpg 768w, https:\/\/mkv-muehlheim.de\/wp-content\/uploads\/2021\/04\/IMG-20200127-WA0028.jpg 1024w\" sizes=\"auto, (max-width: 767px) 89vw, (max-width: 1000px) 54vw, (max-width: 1071px) 543px, 580px\" \/><\/p>\n<p><img loading=\"lazy\" decoding=\"async\" class=\"alignnone wp-image-1011\" src=\"http:\/\/mkv-neu.mkv-muehlheim.de\/wp-content\/uploads\/2021\/04\/Screenshot_20210415_114956-300x178.jpg\" alt=\"\" width=\"800\" height=\"474\" srcset=\"https:\/\/mkv-muehlheim.de\/wp-content\/uploads\/2021\/04\/Screenshot_20210415_114956-300x178.jpg 300w, https:\/\/mkv-muehlheim.de\/wp-content\/uploads\/2021\/04\/Screenshot_20210415_114956-1024x607.jpg 1024w, https:\/\/mkv-muehlheim.de\/wp-content\/uploads\/2021\/04\/Screenshot_20210415_114956-768x455.jpg 768w, https:\/\/mkv-muehlheim.de\/wp-content\/uploads\/2021\/04\/Screenshot_20210415_114956-1536x910.jpg 1536w, https:\/\/mkv-muehlheim.de\/wp-content\/uploads\/2021\/04\/Screenshot_20210415_114956.jpg 1542w\" sizes=\"auto, (max-width: 767px) 89vw, (max-width: 1000px) 54vw, (max-width: 1071px) 543px, 580px\" \/><\/p>\n","protected":false},"excerpt":{"rendered":"<p>Im Mai 2016 haben sich insgesamt 11 tanzbegeisterte Frauen und M\u00e4nner zusammengeschlossen und gr\u00fcndeten die Tanzgruppe \u201eFlying Starz\u201c. Schnell war ein Tanzthema gefunden. Nun brauchte die junge Tanzgruppe eine M\u00f6glichkeit zum Trainieren und suchte nur noch eine geeignete Lokalit\u00e4t. Nach l\u00e4ngerer Suche ist die Gruppe auf den M\u00fchlheimer Karneval Verein aufmerksam geworden. Der Vereinsvorstand war &hellip; <\/p>\n<p class=\"link-more\"><a href=\"https:\/\/mkv-muehlheim.de\/?page_id=103\" class=\"more-link\"><span class=\"screen-reader-text\">\u201eFlyingStarz\u201c<\/span> weiterlesen<\/a><\/p>\n","protected":false},"author":1,"featured_media":0,"parent":0,"menu_order":0,"comment_status":"closed","ping_status":"closed","template":"","meta":{"footnotes":""},"class_list":["post-103","page","type-page","status-publish","hentry"],"_links":{"self":[{"href":"https:\/\/mkv-muehlheim.de\/index.php?rest_route=\/wp\/v2\/pages\/103","targetHints":{"allow":["GET"]}}],"collection":[{"href":"https:\/\/mkv-muehlheim.de\/index.php?rest_route=\/wp\/v2\/pages"}],"about":[{"href":"https:\/\/mkv-muehlheim.de\/index.php?rest_route=\/wp\/v2\/types\/page"}],"author":[{"embeddable":true,"href":"https:\/\/mkv-muehlheim.de\/index.php?rest_route=\/wp\/v2\/users\/1"}],"replies":[{"embeddable":true,"href":"https:\/\/mkv-muehlheim.de\/index.php?rest_route=%2Fwp%2Fv2%2Fcomments&post=103"}],"version-history":[{"count":6,"href":"https:\/\/mkv-muehlheim.de\/index.php?rest_route=\/wp\/v2\/pages\/103\/revisions"}],"predecessor-version":[{"id":1012,"href":"https:\/\/mkv-muehlheim.de\/index.php?rest_route=\/wp\/v2\/pages\/103\/revisions\/1012"}],"wp:attachment":[{"href":"https:\/\/mkv-muehlheim.de\/index.php?rest_route=%2Fwp%2Fv2%2Fmedia&parent=103"}],"curies":[{"name":"wp","href":"https:\/\/api.w.org\/{rel}","templated":true}]}}