{"id":1095,"date":"2021-10-06T12:39:14","date_gmt":"2021-10-06T12:39:14","guid":{"rendered":"http:\/\/mkv-neu.mkv-muehlheim.de\/?page_id=1095"},"modified":"2024-02-13T21:19:18","modified_gmt":"2024-02-13T20:19:18","slug":"der-muehlheimer-rosenmontagszug","status":"publish","type":"page","link":"https:\/\/mkv-muehlheim.de\/?page_id=1095","title":{"rendered":"Der M\u00fchlheimer Rosenmontagszug"},"content":{"rendered":"<h1><strong><span style=\"font-size: 24pt;\">Der M\u00fchlheimer Rosenmontagszug<\/span><\/strong><\/h1>\n<p>Ein Ausflug zum Seligenst\u00e4dter Fastnachtszug im Jahre 1890 veranlasste den<br \/>\ndamaligen Vorsitzenden der \u201cTurngesellschaft Vorw\u00e4rts\u201d, Kaspar Engelhardt, so etwas auch in M\u00fchlheim zu versuchen. So organisierte er zusammen mit<br \/>\nengagierten Mitstreitern aus den Reihen der Turner den ersten M\u00fchlheimer<br \/>\nFastnachtszug im Jahr 1891 und 1892 wurde er fast folgerichtig zum ersten<br \/>\nM\u00fchlheimer Fastnachtsprinzen gew\u00e4hlt.<\/p>\n<p><img loading=\"lazy\" decoding=\"async\" class=\"aligncenter\" src=\"https:\/\/mkv-muehlheim.de\/wp-content\/uploads\/photo-gallery\/2023_RoMoZug\/DSC_0094.jpg?bwg=1693138832\" width=\"361\" height=\"215\" \/><\/p>\n<p>&nbsp;<\/p>\n<p><img loading=\"lazy\" decoding=\"async\" class=\"aligncenter\" src=\"https:\/\/mkv-muehlheim.de\/wp-content\/uploads\/photo-gallery\/2023_RoMoZug\/DSC_0069.jpg?bwg=1693138832\" width=\"365\" height=\"267\" \/><\/p>\n<p>Der erste Zug fand noch am Fastnachtssonntag, die darauffolgenden bis ungef\u00e4hr 1910 dann am Fastnachtsdienstag statt.<\/p>\n<p><img loading=\"lazy\" decoding=\"async\" class=\"alignnone \" src=\"https:\/\/mkv-muehlheim.de\/wp-content\/uploads\/photo-gallery\/2023_RoMoZug\/DSC_0021.jpg?bwg=1693138833\" width=\"359\" height=\"222\" \/><\/p>\n<p>Dann, noch vor 1914, wurde der Zug auf den Rosenmontag umgelegt. Seitdem ist es der Rosenmontagszug. 1935 wurde die Arbeitsgemeinschaft M\u00fchlheimer Karnevalisten (AMKA) gegr\u00fcndet. Diese organisierte im Anschluss die Rosenmontagsz\u00fcge bis 1939.<\/p>\n<p><img loading=\"lazy\" decoding=\"async\" class=\"alignnone size-full\" src=\"https:\/\/mkv-muehlheim.de\/wp-content\/uploads\/photo-gallery\/2023_RoMoZug\/DSC_0013.jpg?bwg=1693138833\" width=\"1200\" height=\"744\" \/><\/p>\n<p>Kriegsbedingt ruhte danach die Stra\u00dfenfastnacht in unserer Stadt. Der erste Zug nach dem Krieg<br \/>\nschl\u00e4ngelte sich dann 1948 durch M\u00fchlheims Stra\u00dfen.<\/p>\n<p><img loading=\"lazy\" decoding=\"async\" class=\"alignnone size-full\" src=\"https:\/\/mkv-muehlheim.de\/wp-content\/uploads\/photo-gallery\/2023_RoMoZug\/DSC_0009.jpg?bwg=1693138833\" width=\"1200\" height=\"845\" \/><\/p>\n<p>Am 1. April 1957 wurde der M\u00fchlheimer Karneval-Verein (MKV) mit dem Ziel gegr\u00fcndet, die Aktivit\u00e4ten rund um den Rosenmontagszug zu b\u00fcndeln und zu organisieren.<\/p>\n<p><img loading=\"lazy\" decoding=\"async\" class=\"alignleft aligncenter\" src=\"https:\/\/mkv-muehlheim.de\/wp-content\/uploads\/photo-gallery\/2023_RoMoZug\/DSC_0066.jpg?bwg=1693138832\" width=\"390\" height=\"262\" \/> <img loading=\"lazy\" decoding=\"async\" class=\"aligncenter\" src=\"https:\/\/mkv-muehlheim.de\/wp-content\/uploads\/photo-gallery\/2023_RoMoZug\/DSC_0047.jpg?bwg=1693138833\" width=\"423\" height=\"293\" \/><\/p>\n<p>So ist es bis heute, also seit gut 6 x 11 Jahren. Seit dem Jahr 1964 f\u00fchrt der Zugweg auch durch Dietesheim, hier beginnt jetzt der Zug und er endet am Stadtmuseum, im Herzen M\u00fchlheims.<\/p>\n<p><img loading=\"lazy\" decoding=\"async\" class=\"aligncenter\" src=\"https:\/\/mkv-muehlheim.de\/wp-content\/uploads\/photo-gallery\/2023_RoMoZug\/DSC_0043.jpg?bwg=1693138833\" width=\"564\" height=\"376\" \/><\/p>\n<p>Jahr f\u00fcr Jahr beteiligen sich etwa 2.000 bis 2.500 Menschen in 90 bis 100 Gruppen, Garden, Musikkapellen oder mit phantasievollen Motiv- und Komiteewagen am M\u00fchlheimer Rosenmontagszug und spenden vielen tausend Besuchern aus Nah und Fern viel Freude und Frohsinn.<\/p>\n<p>&nbsp;<\/p>\n<p>Kommen auch sie zu uns, wir freuen uns auf sie!<\/p>\n<p><img loading=\"lazy\" decoding=\"async\" class=\"alignnone size-full\" src=\"https:\/\/mkv-muehlheim.de\/wp-content\/uploads\/photo-gallery\/2023_RoMoZug\/DSC_0007.jpg?bwg=1693138833\" width=\"1200\" height=\"863\" \/><\/p>\n","protected":false},"excerpt":{"rendered":"<p>Der M\u00fchlheimer Rosenmontagszug Ein Ausflug zum Seligenst\u00e4dter Fastnachtszug im Jahre 1890 veranlasste den damaligen Vorsitzenden der \u201cTurngesellschaft Vorw\u00e4rts\u201d, Kaspar Engelhardt, so etwas auch in M\u00fchlheim zu versuchen. So organisierte er zusammen mit engagierten Mitstreitern aus den Reihen der Turner den ersten M\u00fchlheimer Fastnachtszug im Jahr 1891 und 1892 wurde er fast folgerichtig zum ersten M\u00fchlheimer &hellip; <\/p>\n<p class=\"link-more\"><a href=\"https:\/\/mkv-muehlheim.de\/?page_id=1095\" class=\"more-link\"><span class=\"screen-reader-text\">\u201eDer M\u00fchlheimer Rosenmontagszug\u201c<\/span> weiterlesen<\/a><\/p>\n","protected":false},"author":2,"featured_media":0,"parent":0,"menu_order":0,"comment_status":"closed","ping_status":"closed","template":"","meta":{"footnotes":""},"class_list":["post-1095","page","type-page","status-publish","hentry"],"_links":{"self":[{"href":"https:\/\/mkv-muehlheim.de\/index.php?rest_route=\/wp\/v2\/pages\/1095","targetHints":{"allow":["GET"]}}],"collection":[{"href":"https:\/\/mkv-muehlheim.de\/index.php?rest_route=\/wp\/v2\/pages"}],"about":[{"href":"https:\/\/mkv-muehlheim.de\/index.php?rest_route=\/wp\/v2\/types\/page"}],"author":[{"embeddable":true,"href":"https:\/\/mkv-muehlheim.de\/index.php?rest_route=\/wp\/v2\/users\/2"}],"replies":[{"embeddable":true,"href":"https:\/\/mkv-muehlheim.de\/index.php?rest_route=%2Fwp%2Fv2%2Fcomments&post=1095"}],"version-history":[{"count":9,"href":"https:\/\/mkv-muehlheim.de\/index.php?rest_route=\/wp\/v2\/pages\/1095\/revisions"}],"predecessor-version":[{"id":1509,"href":"https:\/\/mkv-muehlheim.de\/index.php?rest_route=\/wp\/v2\/pages\/1095\/revisions\/1509"}],"wp:attachment":[{"href":"https:\/\/mkv-muehlheim.de\/index.php?rest_route=%2Fwp%2Fv2%2Fmedia&parent=1095"}],"curies":[{"name":"wp","href":"https:\/\/api.w.org\/{rel}","templated":true}]}}