{"id":114,"date":"2018-12-26T12:01:02","date_gmt":"2018-12-26T12:01:02","guid":{"rendered":"http:\/\/mkv-neu.mkv-muehlheim.de\/?page_id=114"},"modified":"2025-03-20T22:38:53","modified_gmt":"2025-03-20T21:38:53","slug":"chronik","status":"publish","type":"page","link":"https:\/\/mkv-muehlheim.de\/?page_id=114","title":{"rendered":"Chronik"},"content":{"rendered":"<p><strong>6 x 11 Jahre MKV \u2013 mehr als nur e bissi Helau<\/strong><\/p>\n<p><strong>Ein Streifzug durch die Vereinschronik von Andreas Sattler, Archivar des MKV<\/strong><\/p>\n<p><strong>1 9 5 7<\/strong><br \/>\nAm 1. April 1957 wird im Gasthaus \u201eErbacher Hof\u201c in der Marktstra\u00dfe 16 der M\u00fchlheimer Karneval-Verein (MKV) gegr\u00fcndet.<br \/>\n140 Personen tragen sich in die Mitgliedslisten ein.<br \/>\nFerdinand Hainz wird Vorsitzender, sein Stellvertreter ist Karl Euler und Gesch\u00e4ftsf\u00fchrer wird der \u00e4u\u00dferst umtriebige Franz Huppert.<br \/>\nMindestens 6.- Deutsche Mark (DM) muss jedes Mitglied als Jahresbeitrag entrichten, nach heutigen Ma\u00dfst\u00e4ben etwa 3.- Euro.<\/p>\n<p><strong>1 9 5 8<\/strong><br \/>\nDer erste Rosenmontagszug unter der Federf\u00fchrung des MKV schl\u00e4ngelt sich am 17. Februar 1958 durch die Stra\u00dfen M\u00fchlheims.<br \/>\nBei strahlendem Sonnenschein jubeln tausende schunkelnde und feiernde Besucher dem 50 Nummern umfassenden Zug zu.<\/p>\n<p><strong>1 9 6 0<\/strong><br \/>\nAuf Betreiben des MKV gibt es in M\u00fchlheim nur noch ein Stadtprinzenpaar, nachdem vorher drei Prinzenpaare von KaKaM, SUMCA und M\u00fchlheimer Ruderverein (MRV) die Narrenschar regiert hatten.<br \/>\nDas erste Stadtprinzenpaar stellt die KaKaM.<\/p>\n<p><strong>1 9 6 1<\/strong><br \/>\nIm Dezember verstirbt im Alter von 94 Jahren M\u00fchlheims erster Fastnachtsprinz (1892) Kaspar Engelhardt.<br \/>\nNoch im Februar hatte er am M\u00fchlheimer Rosenmontagszug teilgenommen.<br \/>\nAm 08.12.1961, um 11 Uhr wird er in Frankfurt-H\u00f6chst zu Grabe getragen.<\/p>\n<p><strong>1 9 6 2<\/strong><br \/>\nDie erste Ausgabe der \u201eNarrenm\u00fchle\u201c, der Fastnachtszeitung des MKV, erscheint durch das gro\u00dfe Engagement des Gesch\u00e4ftsf\u00fchrers Franz Huppert. Sie wird zun\u00e4chst bis 1965 herausgegeben und dann wegen des zu hohen finanziellen Aufwands eingestellt.<br \/>\nIm Jahr 1993 nimmt der Verein die Tradition wieder auf und bringt das Druckerzeugnis bis heute j\u00e4hrlich heraus (Sie halten gerade die neueste Ausgabe in H\u00e4nden\uf04a).<\/p>\n<p><strong>1 9 6 4<\/strong><br \/>\nErstmals stellt sich der Rosenmontagszug in der Dietesheimer Wingertstra\u00dfe auf und schl\u00e4ngelt sich anschlie\u00dfend durch beide Stadtteile bis zur Marktstra\u00dfe.<br \/>\nM\u00f6glich wurde dies, nachdem die Dietesheimer Vereine dem MKV gegen\u00fcber geschlossen ihre Teilnahme am Zug zugesagt hatten. So kommen insgesamt 60 Zugnummern zusammen, die begeistert von der Bev\u00f6lkerung aufgenommen werden.<\/p>\n<p><strong>1 9 7 1<\/strong><br \/>\nAnl\u00e4sslich des Rathaussturms, den der MKV zusammen mit der Stadt M\u00fchlheim veranstaltet, spielt das Musikkorps der 1. US-Panzerdivision aus Frankfurt eine geschlagene Stunde lang auf dem Rathausinnenhof, so dass die Verteidiger um B\u00fcrgermeister Werner Grasm\u00fcck schlie\u00dflich ohne weitere Gegenwehr aufgeben und das Rathaus an die Narren \u00fcbergeben.<\/p>\n<p><strong>1 9 7 2<\/strong><br \/>\nDie seit 1957 bestehende Prinzengarde des Vereins wird komplett neu eingekleidet und ausgestattet. Sie erh\u00e4lt eine neue Standarte und ihren neuen Namen MKV-Stadtgarde.<br \/>\nDen Namen Prinzengarde \u00fcbernimmt die KaKaM, die ab diesem Zeitpunkt ihre Prinzessgarde so bezeichnet.<\/p>\n<p><strong>1 9 7 5<\/strong><br \/>\nNach Sch\u00e4tzungen der Polizei sehen unfassbare 60.000 Menschen den M\u00fchlheimer Rosenmontagszug. Dies ist bis heute die gr\u00f6\u00dfte je dokumentierte Besucherzahl bei unserem Zug. Gerade die M\u00fchlheimer Innenstadt platzt buchst\u00e4blich aus allen N\u00e4hten.<\/p>\n<p><strong>1 9 7 8<\/strong><br \/>\nDer Verein gr\u00fcndet eine Majorettengruppe, die zun\u00e4chst unter der Bezeichnung \u201eTanzgarde des MKV\u201c firmiert. 11 M\u00e4dchen schwingen beim ersten Auftritt der Gruppe bei M\u00fchlheimer Rathaussturm am 23.01.79 ihren Majorett-Stab f\u00fcr den MKV.<br \/>\n1985 verl\u00e4sst die Gruppe den Verein und gr\u00fcndet den \u201e1. Jugendtanzsport und Twirlingclub M\u00fchlheim\/Main\u201c.<\/p>\n<p><strong>1 9 8 3<\/strong><br \/>\nDer MKV beteiligt sich am ersten M\u00fchlheimer Altstadtfest. Die Stadtgarde und die Majoretten marschieren beim Er\u00f6ffnungsumzug mit, die Majoretten treten beim Kulturprogramm auf und der Verein verkauft \u00fcber drei Tage hinweg Apfelwein und Handk\u00e4s mit Musik.<br \/>\nUnser Verein wird sp\u00e4ter einer der wenigen sein, der bis zum letzten Altstadtfest im Jahr 2006 mitmacht. In diesem Jahr allerdings stirbt das Fest mangels Beteiligung der \u00fcbrigen Vereine.<\/p>\n<p><strong>1 9 8 7<\/strong><br \/>\nWas 1984 im Kleingarten von Gardemarschall Reinhold Schmidt als zartes Pfl\u00e4nzchen begann, wird jetzt gro\u00df und \u00f6ffentlich: der Verein veranstaltet sein erstes Sommerfest \u00fcber ein ganzes Wochenende hinweg im B\u00fcrgerpark.<br \/>\n2012 gibt der MKV dieses Fest nach 25 Jahren auf und beteiligt sich als einer der \u201eMotoren\u201c fortan an der M\u00fchlheimer Kerb. Diese Entscheidung wird von der Mitgliederversammlung mit gro\u00dfer Mehrheit getroffen.<\/p>\n<p><strong>1 9 8 8<\/strong><br \/>\nAm 10. M\u00e4rz stellt der Verein entscheidende Weichen f\u00fcr die Zukunft und gr\u00fcndet seine Jugendabteilung, damals \u201eMinigarde\u201c genannt. 15 Kinder werden gleich bei Gr\u00fcndung aufgenommen.<\/p>\n<p><strong>1 9 8 9<\/strong><br \/>\nDie lange ersehnte \u00dcbergabe der von der Stadt M\u00fchlheim neu errichteten Wagenhalle in der Dieselstra\u00dfe 42 findet am 28.06. des Jahres statt. Voller Stolz und im Beisein zahlreicher Pressevertreter nimmt der Vorsitzende Erich Klein die Schl\u00fcssel aus den H\u00e4nden von B\u00fcrgermeister Werner Grasm\u00fcck entgegen. Eine jahrzehntelange Odyssee findet hier ihr Ende.<br \/>\nIn diesem Jahr werden sage und schreibe 45 Vorstandssitzungen abgehalten. Ein Rekord f\u00fcr die Ewigkeit.<\/p>\n<p><strong>1 9 9 0<\/strong><br \/>\nDer Rosenmontagszug f\u00e4llt einem Orkan zum Opfer. Dies jedoch ist die Geburtsstunde des bis heute stattfindenden Zugrummels, der spontan vom MKV als Ersatzveranstaltung in der Halle der SUM organisiert wurde. Die bereits angereisten Musikkapellen spielen auf und Hunderte feiern ausgelassen Rosenmontag.<\/p>\n<p><strong>1 9 9 1<\/strong><br \/>\n100 Jahre Rosenmontagszug und doch kein Zug\u2026Der zwischenzeitlich ausgebrochene Golfkrieg verhindert die Stra\u00dfenfastnacht in der ganzen Republik und so auch in M\u00fchlheim.<br \/>\nIm Januar jedoch gr\u00fcndet sich das MKV-M\u00e4nnerballett in der Sektbar der Langener Stadthalle. Bis heute ist es ein Aush\u00e4ngeschild des Vereins.<br \/>\nAm 8. Februar er\u00f6ffnet der MKV im Stadtmuseum seine Ausstellung \u201e100 Jahre Rosenmontagszug in M\u00fchlheim\u201c. An neun Ausstellungstagen werden mehr als 1.000 Besucher gez\u00e4hlt.<\/p>\n<p><strong>1 9 9 4<\/strong><br \/>\nAm 1. Januar tritt der MKV dem Bund Deutscher Karneval (BDK) bei und wird landsmannschaftlich der Interessengemeinschaft Mittelrheinischer Karneval (IGMK) mit Sitz in Mainz zugeordnet.<br \/>\nVom Finanzamt Offenbach bekommt der Verein die Anerkennung als gemeinn\u00fctziger Verein zugesprochen.<br \/>\nBereits 1992 wird er in das Vereinsregister beim Amtsgericht Offenbach als \u201ee.V.\u201c eingetragen.<br \/>\nAlles weitere Meilensteine des Vereins auf dem Weg in die Zukunft.<\/p>\n<p><strong>1 9 9 6<\/strong><br \/>\nIn den R\u00e4umen der Arbeiterwohlfahrt k\u00fcrt der MKV am 1. Januar seinen ersten Zugmarschall im Rahmen eines bunten Programms.<br \/>\nErster Zugmarschall wird Josef \u201eSeppel\u201c Lerch.<\/p>\n<p><strong>1 9 9 7<\/strong><br \/>\nIm Dezember ist es soweit, der MKV bezieht sein erstes Vereinsheim. Von der \u201eKulturhalle Schanz\u201c werden ca. 90 qm gro\u00dfe R\u00e4umlichkeiten f\u00fcr die Vereinsarbeit in der Carl-Zeiss-Stra\u00dfe angemietet. In vielen Arbeitsstunden richten die Mitglieder ihr neues Zuhause selbst her.<\/p>\n<p><strong>1 9 9 8<\/strong><br \/>\nDer MKV gr\u00fcndet mit seinem Trommlercorps den Vorl\u00e4ufer der heutigen Guggemusik \u201eFiredrums\u201c. Erster \u00dcbungsleiter wird Helmut Roth vom Spielmannszug der TSV L\u00e4mmerspiel. Das Corps besteht aus 8 Trommlern. Seit dem Jahr 2000 hei\u00dft die Gruppe \u201eFiredrums\u201c, im Jahr 2002 kommt zu den Trommlern eine Bl\u00e4serkomponente hinzu, ab da wird ordentliche Guggemusik gemacht.<\/p>\n<p><strong>2 0 0 0<\/strong><br \/>\nAn der Jahrtausendsitzung der Karneval treibenden Vereine in der Willy-Brandt-Halle beteiligt sich der MKV mit B\u00fcttenrednern, den Tanzgruppen und seinem Trommlercorps.<br \/>\nAm 11. Mai wird die Schellengarde gegr\u00fcndet, seit 2004 ist sie die Begeleitgarde des Zugmarschalls.<\/p>\n<p><strong>2 0 0 1<\/strong><br \/>\nErstmals veranstaltet der MKV seine Gardenacht in der Willy-Brandt-Halle. Befreundete Vereine aus Nah und Fern gestalten ein buntes B\u00fchnenprogramm. Bereits die erste Veranstaltung wird ein Riesenerfolg in der picke-packe-vollen Halle.<\/p>\n<p><strong>2 0 0 2<\/strong><br \/>\nVehement setzt sich der MKV f\u00fcr den Erhalt und die Sanierung der Willy-Brandt-Halle ein, die aus wirtschaftlichen Gr\u00fcnden geschlossen und abgerissen werden soll.<br \/>\nZusammen mit anderen Bef\u00fcrwortern gelingt es, die Rathausspitze umzustimmen. Die Halle wird auf Vordermann gebracht und bleibt erhalten.<br \/>\nDer MKV verlegt alle seine Gro\u00dfveranstaltungen dorthin.<\/p>\n<p><strong>2 0 0 3<\/strong><br \/>\nAufgrund der dauerhaft schlechten Haushaltslage der Stadt M\u00fchlheim sind auch die Vereine von der notwendigen Sparpolitik betroffen. Im Zuge der Ma\u00dfnahmen zur Haushaltskonsolidierung vereinbaren die beiden Veranstalter Stadt und MKV den traditionellen Rathaussturm aus dem n\u00e4rrischen Terminkalender zu streichen und zwar ersatzlos. Ein Schritt, der beiden Partnern nicht leicht gefallen ist und der weh tut, jedoch alternativlos ist, insbesondere um den Fortbestand des Rosenmontagszuges zu sichern.<\/p>\n<p><strong>2 0 0 4<\/strong><br \/>\nDer Rosenmontagszug ist mit 106 Zugnummern der gr\u00f6\u00dfte, den M\u00fchlheim bis dahin gesehen hat.<br \/>\nBei einem Gro\u00dfbrand im M\u00fchlheimer Sportzentrum wird fast das ganze Inventar des FC Kickers-Viktoria ein Raub der Flammen. Zahlreiche MKV-Mitglieder k\u00e4mpfen in den Reihen der Freiwilligen Feuerwehr M\u00fchlheim gegen die Flammen. Der Verein hilft dem arg gebeutelten Fu\u00dfballverein mit einer Geldspende.<\/p>\n<p><strong>2 0 0 7<\/strong><br \/>\nAm 22. April begeht der MKV sein 50-j\u00e4hriges Bestehen mit einem gro\u00dfen Jubil\u00e4umsfest in der Willy-Brandt-Halle. Die extra zu diesem Anlass zusammengestellte Jubil\u00e4umstanzgruppe f\u00fchrt mit 24 T\u00e4nzerinnen und T\u00e4nzern eindrucksvoll in vielen gestanzten Bildern durch 50 Jahre Musikgeschichte.<\/p>\n<p><strong>2 0 1 1<\/strong><br \/>\nIm M\u00e4rz steigt das erste MKV-M\u00e4nnerballett-Turnier um den \u201ePossmann-Cup\u201c in der Willy-Brandt-Halle. Die neue Veranstaltung schl\u00e4gt voll ein und ist bis heute aus dem M\u00fchlheimer Kulturfahrplan nicht mehr wegzudenken.<\/p>\n<p><strong>2 0 1 5<\/strong><br \/>\nNach 58 Jahren ihres Bestehens wird die Abteilung Stadtgarde aufgel\u00f6st, da sich niemand mehr findet, der eine Gardeuniform tragen m\u00f6chte. Die verbliebenen Gardisten wechseln in andere Abteilungen des Vereins.<br \/>\nDie Stadt M\u00fchlheim feiert ihr 1200-j\u00e4hriges Bestehen mit zahlreichen Veranstaltungen und zwei Festwochen mit gro\u00dfem Festzelt im B\u00fcrgerpark und in der Altstadt. Alleine der MKV leistet \u00fcber 700 Dienststunden und tr\u00e4gt so wesentlich zum vollen Erfolg des Festes bei.<\/p>\n<p><strong>2 0 1 6<\/strong><br \/>\n125 Jahre Rosenmontagszug in M\u00fchlheim und dann das: Schwere Sturmb\u00f6en und Regenschauer peitschen \u00fcber das Land. Im Rathaus tagt ein aus MKV, Polizei und Ordnungsbeh\u00f6rde bestehender Krisenstab und gibt zwei Stunden vor Zugbeginn tats\u00e4chlich gr\u00fcnes Licht.<br \/>\nSo startet p\u00fcnktlich um 14.11 Uhr der Jubil\u00e4umszug mit \u00fcber 3.000 Teilnehmern, die sich auf 120 Zugnummern verteilen. Trotz widriger Wetterprognosen s\u00e4umen etwa 15.000 Besucher den Zugweg und erleben kurz vor Ende des Zuges einen gewaltigen Regenguss, der jedoch der \u00fcberschw\u00e4nglichen Feierlaune keinen Abbruch tut.<\/p>\n<p><strong>2 0 1 7<\/strong><br \/>\nIm Jahr seines 60. Geburtstags geh\u00f6ren dem MKV 201 Mitglieder an.<br \/>\nIm Mai ehrt der Verein mit Walter Schmidt sein letztes verbliebenes Gr\u00fcndungsmitglied f\u00fcr 60- j\u00e4hrige Treue zum M\u00fchlheimer Karneval-Verein.<\/p>\n<p><strong>2 0 1 9<\/strong><br \/>\nAm Fastnachtsamstag feiert der MKV seinen \u201e2. Gro\u00dfen Maskenball\u201c in der Willy-Brandt-Halle. \u00dcber 400 Besucher am\u00fcsieren sich bei Live-Musik, Sektbarbetrieb und Kost\u00fcmpr\u00e4mierung pr\u00e4chtig. Seinen ersten \u201eBall des MKV\u201c genannten Maskenball feierte der Verein 1974, also vor 45 Jahren.<\/p>\n<p><strong>2 0 2 0<\/strong><br \/>\nAm 7. M\u00e4rz ertanzt sich unser M\u00e4nnerballett beim Turnier in Hofheim mit einer \u00fcberragenden Teamleistung den sensationellen 2. Platz.<\/p>\n<p>Niemand ahnt zu diesem Zeitpunkt, dass dies die letzte Fastnachtsveranstaltung f\u00fcr die n\u00e4chsten zweieinhalb Jahre sein wird. Schon in der Folgewoche hat die weltweite Pandemie \u201eCorona\u201c das gesamte \u00f6ffentliche und kulturelle Leben zum Erliegen gebracht.<\/p>\n<p>In dieser schweren Zeit baut der MKV sein neues Vereinsheim in der Siemensstra\u00dfe 5. Unsere Mitglieder leisten etwa 2.500 ehrenamtliche Arbeitsstunden um das Projekt zu realisieren. Die Stadt M\u00fchlheim und 111 weitere Unterst\u00fctzer sorgen f\u00fcr den n\u00f6tigen wirtschaftlichen Rahmen.<\/p>\n<p><strong>2 0 2 1<\/strong><br \/>\nDie erste virtuelle Fastnachtssitzung unter der Federf\u00fchrung von KaKaM und MKV wird ein voller Erfolg. Sie wird am 13. Februar ausgestrahlt und an 2.500 \u201eEndger\u00e4ten\u201c verfolgt, was auf eine Zuschauerzahl von \u00fcber 5.000 Menschen schlie\u00dfen l\u00e4sst. Eine \u00fcberragende Einschaltquote!<\/p>\n<p>Unter Federf\u00fchrung der Flying Starz wird ein Tanzvideo produziert, bei dem viele Aktive aus allen Abteilungen vorher geprobte Tanzschritte in den eigenen vier W\u00e4nden aufzeichnen. Aus den einzelnen Filmchen wird ein spektakul\u00e4res Gesamtvideo produziert, welches auch auf der Plattform Youtube zu sehen ist.<\/p>\n<p><strong>2 0 2 2<\/strong><br \/>\nDer Verein k\u00e4mpft pandemiebedingt, wie viele andere auch, ums nackte \u00dcberleben. Ohne Vereinsleben und ohne Veranstaltungen leiden Motivation und Zusammenhalt der Mitglieder und die notwendige finanzielle Basis bricht weg.<\/p>\n<p>Der Vorstand nutzt jede sich bietende Gelegenheit, um Verein und Fastnacht am Leben zu halten. So wird eine weitere virtuelle Fastnachtssitzung produziert. Es werden \u201eHelau-Dutte\u201c f\u00fcr die Aktiven gepackt und ausgeteilt. Eine neue Ausgabe der \u201eNarrenm\u00fchle\u201c kommt in Druck und ein neuer Vereinsschal wird angeschafft.<\/p>\n<p><strong>2 0 2 3<\/strong><br \/>\nEndlich wieder richtige Fastnacht. Die Pandemie ist \u00fcberwunden und der erste Rosenmontagszug seit 2020 rollt durch die Stadt. Viele pr\u00e4chtige Motivwagen sind dabei, so dass die Offenbach-Post titelt: \u201eKunstwerke auf R\u00e4dern\u2026\u201c<\/p>\n<p>Auch Saalveranstaltungen sind wieder m\u00f6glich, so dass Kindermaskenball, Damen- und Herrensitzung oder auch unser M\u00e4nnerballett-Turnier um den \u201ePossmann-Cup\u201c endlich wieder stattfinden k\u00f6nnen. Die Publikumsresonanz bei allen Veranstaltungen ist \u00fcberw\u00e4ltigend. Die Gesellschaft lechzt f\u00f6rmlich nach sozialen Kontakten und gemeinsamen Feiern.<\/p>\n","protected":false},"excerpt":{"rendered":"<p>6 x 11 Jahre MKV \u2013 mehr als nur e bissi Helau Ein Streifzug durch die Vereinschronik von Andreas Sattler, Archivar des MKV 1 9 5 7 Am 1. April 1957 wird im Gasthaus \u201eErbacher Hof\u201c in der Marktstra\u00dfe 16 der M\u00fchlheimer Karneval-Verein (MKV) gegr\u00fcndet. 140 Personen tragen sich in die Mitgliedslisten ein. Ferdinand Hainz &hellip; <\/p>\n<p class=\"link-more\"><a href=\"https:\/\/mkv-muehlheim.de\/?page_id=114\" class=\"more-link\"><span class=\"screen-reader-text\">\u201eChronik\u201c<\/span> weiterlesen<\/a><\/p>\n","protected":false},"author":1,"featured_media":0,"parent":0,"menu_order":0,"comment_status":"closed","ping_status":"closed","template":"","meta":{"footnotes":""},"class_list":["post-114","page","type-page","status-publish","hentry"],"_links":{"self":[{"href":"https:\/\/mkv-muehlheim.de\/index.php?rest_route=\/wp\/v2\/pages\/114","targetHints":{"allow":["GET"]}}],"collection":[{"href":"https:\/\/mkv-muehlheim.de\/index.php?rest_route=\/wp\/v2\/pages"}],"about":[{"href":"https:\/\/mkv-muehlheim.de\/index.php?rest_route=\/wp\/v2\/types\/page"}],"author":[{"embeddable":true,"href":"https:\/\/mkv-muehlheim.de\/index.php?rest_route=\/wp\/v2\/users\/1"}],"replies":[{"embeddable":true,"href":"https:\/\/mkv-muehlheim.de\/index.php?rest_route=%2Fwp%2Fv2%2Fcomments&post=114"}],"version-history":[{"count":7,"href":"https:\/\/mkv-muehlheim.de\/index.php?rest_route=\/wp\/v2\/pages\/114\/revisions"}],"predecessor-version":[{"id":1787,"href":"https:\/\/mkv-muehlheim.de\/index.php?rest_route=\/wp\/v2\/pages\/114\/revisions\/1787"}],"wp:attachment":[{"href":"https:\/\/mkv-muehlheim.de\/index.php?rest_route=%2Fwp%2Fv2%2Fmedia&parent=114"}],"curies":[{"name":"wp","href":"https:\/\/api.w.org\/{rel}","templated":true}]}}