{"id":82,"date":"2018-12-26T11:49:01","date_gmt":"2018-12-26T11:49:01","guid":{"rendered":"http:\/\/mkv-neu.mkv-muehlheim.de\/?page_id=82"},"modified":"2018-12-27T20:00:10","modified_gmt":"2018-12-27T20:00:10","slug":"firedrums","status":"publish","type":"page","link":"https:\/\/mkv-muehlheim.de\/?page_id=82","title":{"rendered":"Firedrums"},"content":{"rendered":"<p>Da man ja bekanntlich immer offen f\u00fcr Neues sein soll, startete die Kampagne f\u00fcr uns Firedrums nicht wie gewohnt bei der Zugmarschallk\u00fcrung, sondern gleich im November, als wir die drei Nidderauer Karnevalsvereine die \u201eSchl\u00fcsselrappler\u201c , die \u201eAascher Schnooke\u201c und die \u201eErschter Noachteule\u201c, auch besser bekannt als \u201eDrei unner aaner Kapp\u201c bei ihrem Rathaussturm musikalisch begleiten durften. Gest\u00e4rkt durch die Feiertage ging es f\u00fcr uns dann auch direkt mit unserer j\u00e4hrlichen Zugmarschallk\u00fcrung los. Unsere neu einstudierten Lieder konnten wir bereits bei dem Rathaussturm vor Publikum testen, somit geh\u00f6rten der \u201eMambo\u201c von Herbert Gr\u00f6nemeyer, der \u201eVerdammt Ich Lieb Dich\u201c von Matthias Reim und der \u201eMalle Song\u201c von Peter Wackel zu unserem festen Musikrepertoire. Wie in den Jahren zuvor waren unsere eigenen Veranstaltungen sowie die Termine von befreundeten Vereinen fest in unserem Terminkalender verankert. Auftritte wie in H\u00f6chst im Odenwald und Messel durften dabei nat\u00fcrlich nicht fehlen. Der ein oder andere Kappenabend war auch dabei, bevor es wieder mit unserem hei\u00df geliebten Fasnachtswochenende los ging und wir endlich wieder auf der Stra\u00dfe laufen konnten.<\/p>\n<p>Wie in den Jahren zuvor war Maintal samstags wieder als erster Umzug dran, sonntags sind wir Firedrums nach langer Zeit wieder in Steinheim mit gelaufen bevor es Rosenmontag wieder bei uns in M\u00fchlheim richtig los ging mit anschlie\u00dfenden Zugrummel in der Willy &#8211; Brandt \u2013 Halle. Faschingsdienstag hatten wir dann unseren letzten Umzug in L\u00e4mmerspiel und somit war die Kampagne auch schon wieder schneller vorbei als man gucken konnte. Es mag zwar w\u00e4hrend der Kampagne das ein oder andere Mal anstrengend und stressig sein, aber wenn die Kampagne dann vorbei ist, vermisst man es doch und freut sich schon darauf wenn es wieder losgeht. Nachdem wir bei unserem Heringsessen noch einmal die Kampagne Revue passieren lie\u00dfen ging es f\u00fcr uns Firedrums in die wohlverdiente Pause um gest\u00e4rkt wieder starten zu k\u00f6nnen. Nach einer kurzen Verschnaufpause waren wir bei der Jubil\u00e4umsfeier der \u201eAascher Schnooke\u201c zu Gast und spielten dort sonntags zum Fr\u00fchschoppen. Ein paar Tage sp\u00e4ter waren wir in Rembr\u00fccken um dort mit ihnen ihr 750j\u00e4hriges Stadt Jubil\u00e4um zu feiern und die dort stattfindende Vereinsolympiade musikalisch zu begleiten.<\/p>\n<p>Unser j\u00e4hrliches \u00dcbungswochenende verbrachten wir dieses Mal in Gro\u00dfheubach. Bei bestem Ausblick und Ruhe haben wir wieder die Zeit genutzt und neue Lieder f\u00fcr die Kampagne 2018\/2019 einge\u00fcbt. Da hierbei der Spa\u00df nat\u00fcrlich nicht fehlen darf, wurde abends gemeinsam beisammen gesessen und das ein oder andere Spiel gespielt. Was bei all dem Spa\u00df und der Freude nicht au\u00dfer Acht gelassen werden darf ist, dass unser Firemobil unter unerm\u00fcdlichem Einsatz von unseren super helfenden H\u00e4nden Rainer K\u00fchn, Bodo Schneider und Carsten Trier wieder auf Vordermann gebracht wurde. Durch ihre Manpower hat unser \u201eFiremobil\u201c wieder T\u00dcV bekommen und kann unsere Instrumente wieder ohne Probleme an die jeweiligen Spielorte bringen. Da wir Firedrums nicht nur w\u00e4hrend der Kampagne spielen sondern das ganze Jahr \u00fcber bei diversen Feiern wie Geburtstagen, Polterabenden, Hochzeiten oder Kerbumz\u00fcgen (um nur einige zu nennen) unser Publikum begeistern d\u00fcrfen, \u00fcben wir regelm\u00e4\u00dfig. Wir Firedrums (der aus einen bunt gemischten Haufen aus Jung und Alt besteht) freuen uns auch sehr dar\u00fcber, neue Mitspieler bei uns begr\u00fc\u00dfen zu d\u00fcrfen. Wer Interesse daran hat ein Instrument zu erlernen und Spa\u00df an der f\u00fcnften Jahreszeit hat, darf uns gerne w\u00e4hrend unseren \u00dcbungsstunden montags und freitags besuchen und mal reinschnuppern und sich ausprobieren. Man braucht auch keine Angst haben falls man keine Noten kann oder keine Musikvorkenntnisse hat, dass bekommt man bei uns alles in einer extra \u00dcbungsstunde mittwochs beigebracht. Und Noten sind bei uns nicht ganz so wichtig, da die meisten von uns auch keine Noten lesen k\u00f6nnen.<\/p>\n<p>Zurzeit werden die Firedrums musikalisch von Uwe Weigand und Vanessa Jung geleitet, Ihr Stellvertreter ist Carsten Trier. Die \u00dcbungsstunden finden montags von 18.30 Uhr &#8211; 20.00 Uhr und freitags von 19.00 Uhr &#8211; 20.30 Uhr statt. Ihr k\u00f6nnt aber auch gerne unsere Homepage www.firedrums.de besuchen, dort findet ihr auch nochmal alle wichtigen Informationen \u00fcber uns. Wir Firedrums w\u00fcnschen euch w\u00e4hrend der Kampagne viel Spa\u00df und Freude und hoffen euch bei der ein oder anderen Veranstaltung zu sehen und euch musikalisch eine Freude bereiten zu k\u00f6nnen.<\/p>\n<p><img loading=\"lazy\" decoding=\"async\" class=\"alignnone wp-image-338\" src=\"http:\/\/mkv-neu.mkv-muehlheim.de\/wp-content\/uploads\/2018\/12\/Firedrums-300x201.jpg\" alt=\"\" width=\"700\" height=\"470\" srcset=\"https:\/\/mkv-muehlheim.de\/wp-content\/uploads\/2018\/12\/Firedrums-300x201.jpg 300w, https:\/\/mkv-muehlheim.de\/wp-content\/uploads\/2018\/12\/Firedrums-768x516.jpg 768w, https:\/\/mkv-muehlheim.de\/wp-content\/uploads\/2018\/12\/Firedrums-1024x687.jpg 1024w\" sizes=\"auto, (max-width: 700px) 100vw, 700px\" \/><\/p>\n","protected":false},"excerpt":{"rendered":"<p>Da man ja bekanntlich immer offen f\u00fcr Neues sein soll, startete die Kampagne f\u00fcr uns Firedrums nicht wie gewohnt bei der Zugmarschallk\u00fcrung, sondern gleich im November, als wir die drei Nidderauer Karnevalsvereine die \u201eSchl\u00fcsselrappler\u201c , die \u201eAascher Schnooke\u201c und die \u201eErschter Noachteule\u201c, auch besser bekannt als \u201eDrei unner aaner Kapp\u201c bei ihrem Rathaussturm musikalisch begleiten &hellip; <\/p>\n<p class=\"link-more\"><a href=\"https:\/\/mkv-muehlheim.de\/?page_id=82\" class=\"more-link\"><span class=\"screen-reader-text\">\u201eFiredrums\u201c<\/span> weiterlesen<\/a><\/p>\n","protected":false},"author":1,"featured_media":0,"parent":0,"menu_order":0,"comment_status":"closed","ping_status":"closed","template":"","meta":{"footnotes":""},"class_list":["post-82","page","type-page","status-publish","hentry"],"_links":{"self":[{"href":"https:\/\/mkv-muehlheim.de\/index.php?rest_route=\/wp\/v2\/pages\/82","targetHints":{"allow":["GET"]}}],"collection":[{"href":"https:\/\/mkv-muehlheim.de\/index.php?rest_route=\/wp\/v2\/pages"}],"about":[{"href":"https:\/\/mkv-muehlheim.de\/index.php?rest_route=\/wp\/v2\/types\/page"}],"author":[{"embeddable":true,"href":"https:\/\/mkv-muehlheim.de\/index.php?rest_route=\/wp\/v2\/users\/1"}],"replies":[{"embeddable":true,"href":"https:\/\/mkv-muehlheim.de\/index.php?rest_route=%2Fwp%2Fv2%2Fcomments&post=82"}],"version-history":[{"count":6,"href":"https:\/\/mkv-muehlheim.de\/index.php?rest_route=\/wp\/v2\/pages\/82\/revisions"}],"predecessor-version":[{"id":339,"href":"https:\/\/mkv-muehlheim.de\/index.php?rest_route=\/wp\/v2\/pages\/82\/revisions\/339"}],"wp:attachment":[{"href":"https:\/\/mkv-muehlheim.de\/index.php?rest_route=%2Fwp%2Fv2%2Fmedia&parent=82"}],"curies":[{"name":"wp","href":"https:\/\/api.w.org\/{rel}","templated":true}]}}