{"id":91,"date":"2018-12-26T11:56:00","date_gmt":"2018-12-26T11:56:00","guid":{"rendered":"http:\/\/mkv-neu.mkv-muehlheim.de\/?page_id=91"},"modified":"2018-12-27T19:58:28","modified_gmt":"2018-12-27T19:58:28","slug":"schellengarde","status":"publish","type":"page","link":"https:\/\/mkv-muehlheim.de\/?page_id=91","title":{"rendered":"Schellengarde"},"content":{"rendered":"<p>Die Schellengarde ist eine Gruppierung des MKV, die sich \u00fcberwiegend aus ehemals aktiven Mitgliedern der Stadtgarde bildete. Sie bot und bietet den Mitgliedern eine M\u00f6glichkeit der Teilnahme an den zahlreichen karnevalistischen Aktivit\u00e4ten des MKV im Rhein-Main-Gebiet, ohne die Uniform der Stadtgarde anzuziehen zu m\u00fcssen.<\/p>\n<p>Das gr\u00f6\u00dfte Problem war die Kl\u00e4rung der Frage, in welchen Kost\u00fcmen man die Strassen unsicher machen wollte. Am bequemsten erschienen uns Clowns-Kost\u00fcme mit einfachen Hosen und Oberteilen aus blau-gelbem Stoff. Solche Kost\u00fcme wurden bereits schon einmal f\u00fcr eine Fahrt nach Verona\/Italien angefertigt. Doch erschienen diese Kost\u00fcme mit der Zeit zu einfach. Der gewisse Pepp fehlte.<\/p>\n<p>Inzwischen waren wir mehrfach mit verschiedenen Guggenmusikgruppen zusammengetroffen und hatten ihre farbenpr\u00e4chtigen Kost\u00fcme bewundert. Nach ausf\u00fchrlicher Beratung im Kreis der Schellengarde stand f\u00fcr uns fest, solche schillernden Kost\u00fcme wollen wir auch. So entstanden die heutigen Kost\u00fcme der Schellengarde. Sie bestehen aus einer gelben Kombination aus Hose und Pullover, sowie einem blauen Umhang. Den Umhang konnte jedes Mitglied nach seinem Geschmack gestalten und verzieren. Die Kost\u00fcme wurden \u00fcberwiegend von den Mitgliedern selbst geschneidert, oder &#8211; wo dies nicht m\u00f6glich war &#8211; von unserem Mitglied Petra Tome gen\u00e4ht.<\/p>\n<p>Nachdem sich die Schellengarde erstmals in ihren neuen Kost\u00fcmen pr\u00e4sentierte, fand dies unter den anderen Mitgliedern gro\u00dfen Anklang. Nach und nach gesellten sich weitere passive Vereinsmitglieder hinzu. Aber auch eine gro\u00dfe Anzahl Aktive haben sich inzwischen ein solches Kost\u00fcm zugelegt.<\/p>\n<p>Im Laufe der Zeit wurde aus der Schellengarde eine recht ansehnliche lustige Truppe. Wir nehmen an allen eigenen Veranstaltungen und Umz\u00fcgen des MKV teil. Dabei unterst\u00fctzen wir auch mit allen Kr\u00e4ften unsere Guggemusik die \u201eFiredrum\u00b4s\u201c. Weiterhin pr\u00e4sentieren wir gemeinsam mit den \u00fcbrigen Gruppierungen den MKV bei verschiedenen Umz\u00fcgen und Veranstaltungen in der Region und im weiteren Umland.<\/p>\n<p>Im Laufe der Zeit hat die Schellengarde eine weitere wichtige Aufgabe im Verein \u00fcbernommen. So stellt die Schellengarde die offizielle Begleitung des jeweiligen Zugmarschalls. Damit wird nicht nur das Ansehen und die Funktion des Zugmarschalls \u2013 \u00e4hnlich der der Prinzenpaare &#8211; bei offiziellen Anl\u00e4ssen gest\u00e4rkt, sondern gleichzeitig auch der MKV durch die blau-gelben Vereinsfarben angemessen repr\u00e4sentiert.<\/p>\n<p>W\u00e4hrend der Kampagne trifft sich die Schellengarde in der Regel jeden 2. Donnerstag im Monat im Vereinsheim. Au\u00dferhalb der Kampagne findet das Treffen nur alle acht Wochen statt. Da werden alle Informationen ausgetauscht und Termine usw. besprochen.<\/p>\n<p><img loading=\"lazy\" decoding=\"async\" class=\"alignnone wp-image-332\" src=\"http:\/\/mkv-neu.mkv-muehlheim.de\/wp-content\/uploads\/2018\/12\/schellen-300x169.jpg\" alt=\"\" width=\"700\" height=\"394\" srcset=\"https:\/\/mkv-muehlheim.de\/wp-content\/uploads\/2018\/12\/schellen-300x169.jpg 300w, https:\/\/mkv-muehlheim.de\/wp-content\/uploads\/2018\/12\/schellen-768x432.jpg 768w, https:\/\/mkv-muehlheim.de\/wp-content\/uploads\/2018\/12\/schellen-1024x576.jpg 1024w, https:\/\/mkv-muehlheim.de\/wp-content\/uploads\/2018\/12\/schellen.jpg 1440w\" sizes=\"auto, (max-width: 700px) 100vw, 700px\" \/><\/p>\n","protected":false},"excerpt":{"rendered":"<p>Die Schellengarde ist eine Gruppierung des MKV, die sich \u00fcberwiegend aus ehemals aktiven Mitgliedern der Stadtgarde bildete. Sie bot und bietet den Mitgliedern eine M\u00f6glichkeit der Teilnahme an den zahlreichen karnevalistischen Aktivit\u00e4ten des MKV im Rhein-Main-Gebiet, ohne die Uniform der Stadtgarde anzuziehen zu m\u00fcssen. Das gr\u00f6\u00dfte Problem war die Kl\u00e4rung der Frage, in welchen Kost\u00fcmen &hellip; <\/p>\n<p class=\"link-more\"><a href=\"https:\/\/mkv-muehlheim.de\/?page_id=91\" class=\"more-link\"><span class=\"screen-reader-text\">\u201eSchellengarde\u201c<\/span> weiterlesen<\/a><\/p>\n","protected":false},"author":1,"featured_media":0,"parent":0,"menu_order":0,"comment_status":"closed","ping_status":"closed","template":"","meta":{"footnotes":""},"class_list":["post-91","page","type-page","status-publish","hentry"],"_links":{"self":[{"href":"https:\/\/mkv-muehlheim.de\/index.php?rest_route=\/wp\/v2\/pages\/91","targetHints":{"allow":["GET"]}}],"collection":[{"href":"https:\/\/mkv-muehlheim.de\/index.php?rest_route=\/wp\/v2\/pages"}],"about":[{"href":"https:\/\/mkv-muehlheim.de\/index.php?rest_route=\/wp\/v2\/types\/page"}],"author":[{"embeddable":true,"href":"https:\/\/mkv-muehlheim.de\/index.php?rest_route=\/wp\/v2\/users\/1"}],"replies":[{"embeddable":true,"href":"https:\/\/mkv-muehlheim.de\/index.php?rest_route=%2Fwp%2Fv2%2Fcomments&post=91"}],"version-history":[{"count":4,"href":"https:\/\/mkv-muehlheim.de\/index.php?rest_route=\/wp\/v2\/pages\/91\/revisions"}],"predecessor-version":[{"id":337,"href":"https:\/\/mkv-muehlheim.de\/index.php?rest_route=\/wp\/v2\/pages\/91\/revisions\/337"}],"wp:attachment":[{"href":"https:\/\/mkv-muehlheim.de\/index.php?rest_route=%2Fwp%2Fv2%2Fmedia&parent=91"}],"curies":[{"name":"wp","href":"https:\/\/api.w.org\/{rel}","templated":true}]}}